2
Let o = -21 - -80. Suppose 150*t - 355 = 1145. What is the remainder when o is divided by t?
9
Suppose -2*b + 0*b = 0. Suppose -2*c + 6 = -0*c + 2*t, -c + 4*t + 8 = b. Suppose -c*l + 378 = 22. Calculate the remainder when l is divided by 13.
11
Calculate the remainder when (-24952)/(-3) - 116/(-174) is divided by 8.
6
Suppose -32*k + 9 = -35*k, -5*i + 56 = 3*k. What is the remainder when 267 is divided by i?
7
Let a = 375 - 98. Suppose 2*m = 3*k - 113, 2*m = -2*k + 3*m + 74. Calculate the remainder when a is divided by k.
32
Suppose 3*v = -5 - 25. Let t(a) = -2*a**3 - 21*a**2 - 11*a + 11. Calculate the remainder when 38 is divided by t(v).
17
Let f(r) = -1086*r - 4338. What is the remainder when 657 is divided by f(-4)?
3
Let a(l) = -2*l + 26. Let j(t) = t**2 - 30*t + 62. Let s be j(28). What is the remainder when a(s) is divided by 1/(-6) - 275/(-30)?
5
Suppose k + 21*c - 23*c - 169 = 0, -4*k + 626 = 2*c. What is the remainder when 510 is divided by k?
33
Let q = 24897 - 13890. Calculate the remainder when q is divided by 101.
99
Suppose 11*o - 98*o + 5170 = -1790. Calculate the remainder when 2882 is divided by o.
2
Let m = 223 - 238. What is the remainder when 6/12*(-54)/m*30 is divided by 7?
5
Suppose 12*i - 4662 = 1509 + 1365. Calculate the remainder when i is divided by 90.
88
Suppose 3*c = 5 + 10, -3*l = -2*c + 70. Calculate the remainder when 176 is divided by 69/(-2)*l/15.
38
Let v(i) = 79*i**2 + 342*i - 66. Calculate the remainder when v(-5) is divided by ((-1 - 50) + -1)/(-1).
43
Suppose -26*t - 36*t + 4725 = -17*t. What is the remainder when 460 is divided by t?
40
Let x = -17 - -29. Suppose 16*v - 43*v = -9936. Suppose -3*k - 4*t + v = k, -5*t = -3*k + 276. Calculate the remainder when k is divided by x.
8
Let d(l) = 54 + 32 - 2*l + 10 - l**2. What is the remainder when d(-10) is divided by 6?
4
Suppose 55*z - 2*z - 795 = 0. Suppose -57 = -3*t + 3*o, t - 7*o - z = -10*o. Calculate the remainder when 53 is divided by t.
17
Let j(r) = -30*r + 345. Calculate the remainder when j(-16) is divided by 23.
20
Suppose 0 = 4*m - 5*v - 20183, -4*v = 1095*m - 1100*m + 25222. Calculate the remainder when m is divided by 97.
95
Let u(c) = -69*c - 50. Let s be u(-9). Suppose 5*f + 4*q - 949 = 3*q, 3*f = q + s. Calculate the remainder when f is divided by 28.
22
Let a(b) = -b**3 + 11*b**2 - 19*b - 12. Let i(p) = -p**2 - 2*p + 1. Let d be i(1). What is the remainder when a(6) is divided by (-14*4/6)/(d/3)?
12
Let r(p) = -16*p + 39. Let g be r(5). Let l = g - -60. Suppose -i - 3*k + l = 0, 2*i + 4*k - 19 = 9. Calculate the remainder when i is divided by 1.
0
Suppose 5*g - 11931 = -281*q + 284*q, 2*g + 4*q - 4788 = 0. What is the remainder when g is divided by 13?
9
Let s(b) = 58*b**2 - 2*b - 2. Let n be s(-2). Suppose 114*i = 138*i + 2304. Let q = i + n. Calculate the remainder when q is divided by 36.
30
Let d = 6440 + -5644. What is the remainder when d is divided by 161?
152
Suppose 3*l + 3*b = 6, -l + 2*l - 11 = 2*b. Suppose l*c - u - 311 = -99, -4*c + 163 = -3*u. Calculate the remainder when c is divided by (48/1)/2 - 1.
20
Let r(y) = 13*y**2 - 18*y - 15. Calculate the remainder when 3071 is divided by r(5).
211
Suppose 32 = 5*f + 3*f. Suppose r - x + 24 = 3*r, -f*x = 16. Suppose -18*s + r*s + 352 = 0. What is the remainder when s is divided by 15?
13
Suppose 15092 = -87*w + 115*w. What is the remainder when w is divided by 12?
11
Let r(t) = t**3 + 15*t**2 - 11*t - 38. Let u be r(-14). Suppose -u = -13*w + w. Suppose -5*m = -0*m - 510. What is the remainder when m is divided by w?
24
Suppose -2*d = o - 2, 12*d + 5*o = 9*d + 17. What is the remainder when 111 is divided by d/(-1)*1326/39?
9
Let b = -130 - -103. Calculate the remainder when ((-75)/(-9))/(2/6) is divided by ((b/2)/3)/((-27)/54).
7
Let s be -2 + 0/(-1) - -85. Let r = s - 59. Suppose 0 = -14*w + 200 - 102. What is the remainder when r is divided by w?
3
Let p = -114 + 121. Calculate the remainder when -4 - 4144/(-49) - (-3)/p is divided by 42.
39
Let w = 3198 + 1751. Calculate the remainder when w is divided by 11.
10
Suppose -3*s - 10 = -3*j - 115, -184 = -5*s - 4*j. What is the remainder when 565 is divided by s?
25
Suppose 239*q - 67456 - 22408 = 0. Calculate the remainder when q is divided by 128.
120
What is the remainder when (12822/12*-4)/(12/(-72)*3) is divided by 342?
340
Suppose c = 2*c - 4. What is the remainder when (c/(-6))/(5/(-761 - 4)) is divided by ((-14)/(-4))/(2/20)?
32
Suppose -45 + 19 = -13*d. Suppose -4*a - f - f = -132, d*a - f = 62. Calculate the remainder when 168 is divided by a.
8
Suppose 8 = -2*p, 4*p - 65 = -4*z + 11. Let s = 25 - -26. Suppose -2*i = 5*n - s, 5*n + 0*n + 5*i = 60. What is the remainder when z is divided by n?
5
Let r(n) be the first derivative of -4*n**2 - 27*n - 6. Suppose 4*u = -5*g + 4*g + 32, -48 = -4*g + 4*u. What is the remainder when r(-7) is divided by g?
13
Let r(n) = n**3 + 28*n**2 + 12*n - 708. Calculate the remainder when 613 is divided by r(-26).
281
Let r = -127 - -131. Suppose 0 = -5*y - 2*w - 0*w + 2030, 2*w + 1606 = r*y. What is the remainder when y is divided by 29?
27
Let a = 588 + 1480. Let w be (-10)/30 - a/6. Calculate the remainder when w/(-6)*8/10 is divided by 25.
21
Suppose -w + 4 = -3*d, d + 16 = -0*d + 4*w. Suppose -4*c = 3*x - 210, d = 4*c - x - 153 - 65. What is the remainder when c is divided by 11?
10
Suppose 23*f - 11*f - 996 = 0. Let o = 85 - f. Suppose 4*t - t - 199 = -o*c, -5*c + 3*t + 466 = 0. What is the remainder when c is divided by 6?
5
Let y = 192 + -218. Calculate the remainder when 1357 is divided by 1 + 0 + -5 - (-115 - y).
82
Suppose 7*p + 452 = 2608. Suppose p = -28*d + 50*d. Calculate the remainder when 234 is divided by d.
10
Suppose 7*z - 2*z + 3*j - 93 = 0, 0 = -4*j - 16. Suppose 496 = 25*b - z*b. Suppose -4*v = -b - 188. What is the remainder when v is divided by 20?
18
Let u = 6250 - 6248. Calculate the remainder when 430 is divided by u.
0
Let w = 21889 + -21167. What is the remainder when w is divided by 190?
152
Let f(r) = -45*r**2 + 299*r - 1. What is the remainder when 509 is divided by f(6)?
163
Let v = 1484 - 1303. What is the remainder when 1266 is divided by v?
180
Suppose 7335 = 47*a - 180 - 5081. Suppose 0*m - m = -3*x - 6, 130 = 5*m + 5*x. What is the remainder when a is divided by m?
16
Suppose -682 = -16*g + 5*g. Let z = g + -14. Let w = -33 + z. Calculate the remainder when 72 is divided by w.
12
Let g(j) = 2*j**3 + 34*j**2 + 91*j + 30. What is the remainder when g(-7) is divided by 48?
37
Let m(y) = y**3 + 34*y**2 - 106*y - 3088. What is the remainder when m(-33) is divided by 187?
3
Let d = 129079 - 129054. Calculate the remainder when ((-128)/(-6))/(2/21) is divided by d.
24
Suppose 0 = 7*q + 2519 - 2624. What is the remainder when 3581 is divided by q?
11
Let d = 4180 - 4107. Calculate the remainder when 3428 is divided by d.
70
Let t = 33 - 30. Suppose -6*q + 4*q = 3*u + 31, 3*q - 2*u + 66 = 0. Let g = -17 - q. Calculate the remainder when t is divided by g.
0
Suppose 34*y - 154*y + 9960 = 0. What is the remainder when 2488 is divided by y?
81
Let h = 52 - 352. What is the remainder when 719 is divided by (0 - 6/15)/(2/h)?
59
Suppose -4*x + 3*x + 4 = 0. Suppose -r = 2*f - 17, f + x*r - 11 = 3*r. Suppose -28 = -f*d + 2. What is the remainder when 12 is divided by d?
2
Let z(n) = -36*n + 17. Let g be z(-4). Suppose -15 = g*l - 162*l. What is the remainder when l is divided by 9?
6
Let g(c) = 98*c - 37. Calculate the remainder when g(1) is divided by 52.
9
Let u(l) = -77*l**3 - 1. Let j be u(-1). Let k = -1579 - -1658. Suppose -27 = -k*r + j*r. Calculate the remainder when 40 is divided by r.
4
Suppose 9828 = 25*m + 119*m - 27*m. Calculate the remainder when 1417 is divided by m.
73
Let k = 65 + 41. Let o(w) = 46*w**2 - 1950*w - 1192. What is the remainder when k is divided by o(43)?
10
Suppose 0 = -22*v - 22*v - 11616 + 73612. What is the remainder when v is divided by 242?
199
Suppose -20 = -3*v - 23. What is the remainder when 10 is divided by v/1 - (2 - 6)?
1
Let o(a) = -7*a + 4. Let b(q) = 26*q**2 - 679*q + 734. What is the remainder when o(-6) is divided by b(25)?
1
Suppose 294*b - 621 = 289*b - k, 5*b = -3*k + 623. What is the remainder when 382 is divid